e units digit of 10483?
3
What is the thousands digit of 1405938?
5
What is the thousands digit of 3023835?
3
What is the units digit of 713617?
7
What is the hundreds digit of 3736579?
5
What is the ten thousands digit of 153029?
5
What is the tens digit of 1744710?
1
What is the thousands digit of 812074?
2
What is the hundred thousands digit of 7489617?
4
What is the hundred thousands digit of 207623?
2
What is the thousands digit of 4353772?
3
What is the tens digit of 784142?
4
What is the millions digit of 3573545?
3
What is the hundred thousands digit of 727259?
7
What is the thousands digit of 8463796?
3
What is the tens digit of 310015?
1
What is the millions digit of 6348218?
6
What is the hundreds digit of 121628?
6
What is the ten thousands digit of 161463?
6
What is the ten thousands digit of 1249146?
4
What is the tens digit of 3327043?
4
What is the units digit of 323848?
8
What is the units digit of 3494314?
4
What is the hundred thousands digit of 1239833?
2
What is the hundred thousands digit of 1597358?
5
What is the millions digit of 5128810?
5
What is the thousands digit of 12864983?
4
What is the ten millions digit of 20337826?
2
What is the units digit of 17013?
3
What is the units digit of 9883965?
5
What is the hundred thousands digit of 638129?
6
What is the tens digit of 641591?
9
What is the units digit of 466507?
7
What is the tens digit of 29981?
8
What is the millions digit of 11447459?
1
What is the units digit of 138113?
3
What is the units digit of 3550260?
0
What is the units digit of 16355719?
9
What is the tens digit of 139103?
0
What is the units digit of 36234877?
7
What is the ten thousands digit of 28000821?
0
What is the ten millions digit of 41635777?
4
What is the tens digit of 143106?
0
What is the thousands digit of 9305681?
5
What is the tens digit of 1134975?
7
What is the hundreds digit of 726790?
7
What is the hundreds digit of 304946?
9
What is the ten thousands digit of 6942907?
4
What is the hundreds digit of 311593?
5
What is the ten thousands digit of 1380564?
8
What is the tens digit of 213530?
3
What is the ten millions digit of 17773207?
1
What is the hundred thousands digit of 542688?
5
What is the hundreds digit of 1114730?
7
What is the hundreds digit of 4900884?
8
What is the ten millions digit of 11296820?
1
What is the tens digit of 2258084?
8
What is the units digit of 1168332?
2
What is the units digit of 190823?
3
What is the tens digit of 122997?
9
What is the ten thousands digit of 12416564?
1
What is the units digit of 785468?
8
What is the hundreds digit of 256646?
6
What is the thousands digit of 9287260?
7
What is the millions digit of 3865539?
3
What is the tens digit of 853621?
2
What is the thousands digit of 9935173?
5
What is the units digit of 173414?
4
What is the thousands digit of 241761?
1
What is the tens digit of 563616?
1
What is the hundred thousands digit of 5048525?
0
What is the ten thousands digit of 21015024?
1
What is the ten thousands digit of 59218?
5
What is the hundred thousands digit of 18668942?
6
What is the units digit of 5193?
3
What is the hundred thousands digit of 1606531?
6
What is the units digit of 480684?
4
What is the ten millions digit of 14483234?
1
What is the ten thousands digit of 13577166?
7
What is the hundreds digit of 2278245?
2
What is the millions digit of 2540572?
2
What is the hundred thousands digit of 9922490?
9
What is the tens digit of 764595?
9
What is the ten thousands digit of 31454?
3
What is the thousands digit of 899846?
9
What is the thousands digit of 373391?
3
What is the ten thousands digit of 320324?
2
What is the hundreds digit of 388284?
2
What is the ten thousands digit of 960032?
6
What is the millions digit of 1397894?
1
What is the hundreds digit of 5944?
9
What is the tens digit of 149565?
6
What is the thousands digit of 1777968?
7
What is the ten thousands digit of 632296?
3
What is the hundreds digit of 451017?
0
What is the units digit of 26204184?
4
What is the units digit of 16031906?
6
What is the hundreds digit of 198744?
7
What is the units digit of 1728358?
8
What is the thousands digit of 2618185?
8
What is the ten millions digit of 10938168?
1
What is the units digit of 316326?
6
What is the tens digit of 457904?
0
What is the ten thousands digit of 31926?
3
What is the thousands digit of 730250?
0
What is the hundreds digit of 36767?
7
What is the hundred thousands digit of 263404?
2
What is the thousands digit of 880279?
0
What is the units digit of 4726081?
1
What is the hundreds digit of 1229078?
0
What is the units digit of 524782?
2
What is the ten millions digit of 23060973?
2
What is the hundreds digit of 10244513?
5
What is the hundreds digit of 1624180?
1
What is the ten thousands digit of 76191?
7
What is the hundred thousands digit of 648266?
6
What is the ten thousands digit of 260390?
6
What is the thousands digit of 6258?
6
What is the millions digit of 1270962?
1
What is the hundred thousands digit of 1207895?
2
What is the hundreds digit of 13500225?
2
What is the ten thousands digit of 349722?
4
What is the tens digit of 2228943?
4
What is the ten thousands digit of 1183485?
8
What is the hundred thousands digit of 631550?
6
What is the ten thousands digit of 11154?
1
What is the hundred thousands digit of 1470726?
4
What is the tens digit of 3704824?
2
What is the hundred thousands digit of 606800?
6
What is the millions digit of 35225212?
5
What is the ten thousands digit of 310087?
1
What is the hundreds digit of 3592058?
0
What is the thousands digit of 158643?
8
What is the tens digit of 60340?
4
What is the units digit of 108908?
8
What is the hundred thousands digit of 2207049?
2
What is the millions digit of 14661327?
4
What is the hundred thousands digit of 1183314?
1
What is the ten thousands digit of 124793?
2
What is the millions digit of 37556794?
7
What is the hundreds digit of 332765?
7
What is the tens digit of 56906?
0
What is the hundred thousands digit of 2696993?
6
What is the hundreds digit of 111668?
6
What is the thousands digit of 37312381?
2
What is the hundreds digit of 17857?
8
What is the tens digit of 20314089?
8
What is the ten thousands digit of 81286?
8
What is the units digit of 2991448?
8
What is the units digit of 453156?
6
What is the ten millions digit of 17720550?
1
What is the hundreds digit of 1841526?
5
What is the hundred thousands digit of 238582?
2
What is the units digit of 11236453?
3
What is the hundreds digit of 359194?
1
What is the ten thousands digit of 9006249?
0
What is the hundreds digit of 712494?
4
What is the hundreds digit of 2448086?
0
What is the hundreds digit of 86850?
8
What is the ten thousands digit of 624464?
2
What is the units digit of 460686?
6
What is the hundreds digit of 11702994?
9
What is the thousands digit of 71138?
1
What is the units digit of 11351235?
5
What is the millions digit of 1144724?
1
What is the ten thousands digit of 715468?
1
What is the tens digit of 162300?
0
What is the hundred thousands digit of 905780?
9
What is the thousands digit of 104339?
4
What is the hundred thousands digit of 917692?
9
What is the hundreds digit of 1046196?
1
What is the thousands digit of 959463?
9
What is the units digit of 43813?
3
What is the tens digit of 166984?
8
What is the tens digit of 14657501?
0
What is the thousands digit of 63074?
3
What is the ten millions digit of 12927257?
1
What is the units digit of 1814627?
7
What is the ten thousands digit of 1445572?
4
What is the hundreds digit of 1496158?
1
What is the units digit of 32845?
5
What is the hundred thousands digit of 7712577?
7
What is the hundred thousands digit of 11473727?
4
What is the hundred thousands digit of 152082?
1
What is the hundreds digit of 39116?
1
What is the hundreds digit of 103073?
0
What is the millions digit of 1553384?
1
What is the ten thousands digit of 440356?
4
What is the hundreds digit of 64902?
9
What is the ten thousands digit of 1205584?
0
What is the hundred thousands digit of 162957?
1
What is the units digit of 1120910?
0
What is the hundreds digit of 1903997?
9
What is the hundred thousands digit of 13547058?
5
What is the units digit of 4792890?
0
What is the units digit of 5150071?
1
What is